{"id":1343,"date":"2024-09-12T08:32:18","date_gmt":"2024-09-12T08:32:18","guid":{"rendered":"https:\/\/marlene.pt\/?page_id=1343"},"modified":"2024-09-19T13:35:59","modified_gmt":"2024-09-19T13:35:59","slug":"termos-e-condicoes","status":"publish","type":"page","link":"https:\/\/marlene.pt\/en\/termos-e-condicoes\/","title":{"rendered":"Termos e condi\u00e7\u00f5es"},"content":{"rendered":"<div data-elementor-type=\"wp-page\" data-elementor-id=\"1343\" class=\"elementor elementor-1343\" data-elementor-post-type=\"page\">\n\t\t\t\t<div class=\"elementor-element elementor-element-1685ef1 e-flex e-con-boxed e-con e-parent\" data-id=\"1685ef1\" data-element_type=\"container\">\n\t\t\t\t\t<div class=\"e-con-inner\">\n\t\t\t\t<div class=\"elementor-element elementor-element-3a51b75 elementor-widget elementor-widget-heading\" data-id=\"3a51b75\" data-element_type=\"widget\" data-widget_type=\"heading.default\">\n\t\t\t\t<div class=\"elementor-widget-container\">\n\t\t\t<h2 class=\"elementor-heading-title elementor-size-default\">Termos & Condi\u00e7\u00f5es<\/h2>\t\t<\/div>\n\t\t\t\t<\/div>\n\t\t\t\t<div class=\"elementor-element elementor-element-6370e53 elementor-widget elementor-widget-text-editor\" data-id=\"6370e53\" data-element_type=\"widget\" data-widget_type=\"text-editor.default\">\n\t\t\t\t<div class=\"elementor-widget-container\">\n\t\t\t\t\t\t\t<p><span class=\"s2\">O utilizador do site Marlene, (\u00e0 frente designada como Empresa) poder\u00e1 inscrever-se no site da empresa, fornecendo algumas informa\u00e7\u00f5es.<\/span><\/p><p><strong><span class=\"s3\">Registo de Ficheiros e formul\u00e1rios<\/span><\/strong><\/p><p><span class=\"s2\">Nos termos e para efeitos do disposto na Lei n.\u00ba 67\/98, de 26 de Outubro, relativa \u00e0 Protec\u00e7\u00e3o de Dados Pessoais, designadamente o artigo 10.\u00ba, declaro tomar conhecimento que os dados de car\u00e1cter pessoal recolhidos no presente formul\u00e1rio, se destinam a ser utilizados em processos de selec\u00e7\u00e3o e recrutamento, presentes e futuros, da Marlene Vieira, sendo respons\u00e1vel pelo seu tratamento a sociedade portuguesa denominada por Marlene Vieira, LDA, com sede na Av. Almirante Reis, n\u00ba 248 \u2013 5\u00ba Esq, 1000-057 Lisboa. Atrav\u00e9s do presente formul\u00e1rio tomo conhecimento e presto o meu consentimento expresso que os dados pessoais ora recolhidos, por for\u00e7a da finalidade suprarreferida, se destinam a serem introduzidos e tratados, de forma autom\u00e1tica ou n\u00e3o: Nos ficheiros de \u201cArquivo de curr\u00edculo e selec\u00e7\u00e3o de pessoal pela Marlene Vieira\u201d. Nos termos da informa\u00e7\u00e3o supra prestada, declaro consentir o tratamento de dados de car\u00e1cter pessoal \u00e0 empresa, a quem expressamente autorizo que ceda os respectivos dados aos destinat\u00e1rios supracitados, limitando o dito consentimento ao cumprimento dos fins ora indicados. O consentimento ora prestado \u00e9 extens\u00edvel a outras empresas do grupo Marlene Vieira.<\/span><\/p><p><strong><span class=\"s3\">Exactid\u00e3o e fiabilidade das informa\u00e7\u00f5es prestadas<\/span><\/strong><\/p><p><span class=\"s2\">O Utilizador garante que os dados pessoais fornecidos \u00e0 Empresa s\u00e3o verdadeiros e precisos, ficando este respons\u00e1vel por comunicar \u00e0 Empresa qualquer altera\u00e7\u00e3o nos mesmos.<\/span><\/p><p><span class=\"s2\">As medidas de seguran\u00e7a relativas aos dados ora fornecidos s\u00e3o as definidas no artigo 14\u00ba e 15.\u00ba da Lei n.\u00ba 67\/98, pelo que os usu\u00e1rios podem exercer os direitos de acesso e rectifica\u00e7\u00e3o, cancelamento e oposi\u00e7\u00e3o dos dados agora fornecidos.<\/span><\/p><p><strong><span class=\"s3\">Finalidade<\/span><\/strong><\/p><p><span class=\"s2\">A recolha e o tratamento automatizado de dados pessoais, tem como finalidade manter uma poss\u00edvel rela\u00e7\u00e3o profissional com a empresa Marlene Vieira.<\/span><\/p><p><span class=\"s2\">Exerc\u00edcio dos direitos de acesso, rectifica\u00e7\u00e3o, cancelamento e oposi\u00e7\u00e3o<\/span><\/p><p><span class=\"s2\">Poder\u00e1 exercer os seus direitos de acesso, rectifica\u00e7\u00e3o, cancelamento e\/ou oposi\u00e7\u00e3o atrav\u00e9s de comunica\u00e7\u00e3o escrita, acompanhado de documento que comprove a sua identidade e \/ou os dados a rectificar, se aplic\u00e1vel, a enviar para:<\/span><\/p><p><span class=\"s2\">Endere\u00e7o de correio electr\u00f3nico hello@marlenevieira.pt<\/span><\/p><p><span class=\"s2\">Marlene Vieira, LDA, com sede na Av. Almirante Reis, n\u00ba 248 \u2013 5\u00ba Esq, 1000-057 Lisboa.<\/span><\/p><p><strong><span class=\"s3\">Medidas de seguran\u00e7a<\/span><\/strong><\/p><p><span class=\"s2\">A Empresa adoptou as normas e medidas de seguran\u00e7a para a protec\u00e7\u00e3o de dados pessoais, instalando nos seus sistemas e ficheiros todas as medidas t\u00e9cnicas necess\u00e1rias para garantir a confidencialidade dos dados, evitar a sua perda, altera\u00e7\u00e3o e acesso.<\/span><\/p><p><span class=\"s2\">No entanto, o utilizador deve estar ciente de que medidas de seguran\u00e7a na Internet n\u00e3o s\u00e3o infal\u00edveis.<\/span><\/p><p><span class=\"s2\">O utilizador compromete-se a utilizar o seu nome de utilizador e a sua password de forma diligente e a mant\u00ea-los secretos. O utilizador assume a responsabilidade exclusiva pela manuten\u00e7\u00e3o da confidencialidade do seu nome de utilizador e da sua password, assumindo pessoalmente quaisquer actividades que se realizem ou que ocorram atrav\u00e9s da utiliza\u00e7\u00e3o dos mesmos.<\/span><\/p><p><span class=\"s2\">O utilizador pode cancelar e desactivar o seu registo em qualquer momento utilizando o seu nome de utilizador e a sua password.<\/span><\/p><p><strong><span class=\"s3\">Aceita\u00e7\u00e3o e aprova\u00e7\u00e3o<\/span><\/strong><\/p><p><span class=\"s2\">O utilizador declara ter sido informado das condi\u00e7\u00f5es de protec\u00e7\u00e3o de dados, aceitar e consentir o seu tratamento automatizado pela Empresa, na forma e para os fins descritos na presente Pol\u00edtica de Protec\u00e7\u00e3o de Dados Pessoais.<\/span><\/p><p><span class=\"s2\">Em cumprimento da lei n\u00ba 144\/2015 de 8 de Setembro informamos que para a resolu\u00e7\u00e3o de conflitos de consumo deve ser contactada a comiss\u00e3o arbitral do Turismo de Portugal ou a qualquer uma das entidades devidamente indicadas na lista disponibilizada pela Dire\u00e7\u00e3o Geral do Consumidor.<\/span><\/p>\t\t\t\t\t\t<\/div>\n\t\t\t\t<\/div>\n\t\t\t\t\t<\/div>\n\t\t\t\t<\/div>\n\t\t\t\t<\/div>","protected":false},"excerpt":{"rendered":"<p>Termos &#038; Condi\u00e7\u00f5es O utilizador do site Marlene, (\u00e0 frente designada como Empresa) poder\u00e1 inscrever-se no site da empresa, fornecendo algumas informa\u00e7\u00f5es. Registo de Ficheiros e formul\u00e1rios Nos termos e para efeitos do disposto na Lei n.\u00ba 67\/98, de 26 de Outubro, relativa \u00e0 Protec\u00e7\u00e3o de Dados Pessoais, designadamente o artigo 10.\u00ba, declaro tomar conhecimento [&hellip;]<\/p>","protected":false},"author":1,"featured_media":0,"parent":0,"menu_order":0,"comment_status":"closed","ping_status":"closed","template":"","meta":{"footnotes":""},"class_list":["post-1343","page","type-page","status-publish","hentry"],"_links":{"self":[{"href":"https:\/\/marlene.pt\/en\/wp-json\/wp\/v2\/pages\/1343","targetHints":{"allow":["GET"]}}],"collection":[{"href":"https:\/\/marlene.pt\/en\/wp-json\/wp\/v2\/pages"}],"about":[{"href":"https:\/\/marlene.pt\/en\/wp-json\/wp\/v2\/types\/page"}],"author":[{"embeddable":true,"href":"https:\/\/marlene.pt\/en\/wp-json\/wp\/v2\/users\/1"}],"replies":[{"embeddable":true,"href":"https:\/\/marlene.pt\/en\/wp-json\/wp\/v2\/comments?post=1343"}],"version-history":[{"count":4,"href":"https:\/\/marlene.pt\/en\/wp-json\/wp\/v2\/pages\/1343\/revisions"}],"predecessor-version":[{"id":2295,"href":"https:\/\/marlene.pt\/en\/wp-json\/wp\/v2\/pages\/1343\/revisions\/2295"}],"wp:attachment":[{"href":"https:\/\/marlene.pt\/en\/wp-json\/wp\/v2\/media?parent=1343"}],"curies":[{"name":"wp","href":"https:\/\/api.w.org\/{rel}","templated":true}]}}

Termos e condições

<div data-elementor-type="wp-page" data-elementor-id="1343" class="elementor elementor-1343" data-elementor-post-type="page">
				<div class="elementor-element elementor-element-1685ef1 e-flex e-con-boxed e-con e-parent" data-id="1685ef1" data-element_type="container">
					<div class="e-con-inner">
				<div class="elementor-element elementor-element-3a51b75 elementor-widget elementor-widget-heading" data-id="3a51b75" data-element_type="widget" data-widget_type="heading.default">
				<div class="elementor-widget-container">
			<h2 class="elementor-heading-title elementor-size-default">Termos & Condições</h2>		</div>
				</div>
				<div class="elementor-element elementor-element-6370e53 elementor-widget elementor-widget-text-editor" data-id="6370e53" data-element_type="widget" data-widget_type="text-editor.default">
				<div class="elementor-widget-container">
							<p><span class="s2">O utilizador do site Marlene, (à frente designada como Empresa) poderá inscrever-se no site da empresa, fornecendo algumas informações.</span></p><p><strong><span class="s3">Registo de Ficheiros e formulários</span></strong></p><p><span class="s2">Nos termos e para efeitos do disposto na Lei n.º 67/98, de 26 de Outubro, relativa à Protecção de Dados Pessoais, designadamente o artigo 10.º, declaro tomar conhecimento que os dados de carácter pessoal recolhidos no presente formulário, se destinam a ser utilizados em processos de selecção e recrutamento, presentes e futuros, da Marlene Vieira, sendo responsável pelo seu tratamento a sociedade portuguesa denominada por Marlene Vieira, LDA, com sede na Av. Almirante Reis, nº 248 – 5º Esq, 1000-057 Lisboa. Através do presente formulário tomo conhecimento e presto o meu consentimento expresso que os dados pessoais ora recolhidos, por força da finalidade suprarreferida, se destinam a serem introduzidos e tratados, de forma automática ou não: Nos ficheiros de “Arquivo de currículo e selecção de pessoal pela Marlene Vieira”. Nos termos da informação supra prestada, declaro consentir o tratamento de dados de carácter pessoal à empresa, a quem expressamente autorizo que ceda os respectivos dados aos destinatários supracitados, limitando o dito consentimento ao cumprimento dos fins ora indicados. O consentimento ora prestado é extensível a outras empresas do grupo Marlene Vieira.</span></p><p><strong><span class="s3">Exactidão e fiabilidade das informações prestadas</span></strong></p><p><span class="s2">O Utilizador garante que os dados pessoais fornecidos à Empresa são verdadeiros e precisos, ficando este responsável por comunicar à Empresa qualquer alteração nos mesmos.</span></p><p><span class="s2">As medidas de segurança relativas aos dados ora fornecidos são as definidas no artigo 14º e 15.º da Lei n.º 67/98, pelo que os usuários podem exercer os direitos de acesso e rectificação, cancelamento e oposição dos dados agora fornecidos.</span></p><p><strong><span class="s3">Finalidade</span></strong></p><p><span class="s2">A recolha e o tratamento automatizado de dados pessoais, tem como finalidade manter uma possível relação profissional com a empresa Marlene Vieira.</span></p><p><span class="s2">Exercício dos direitos de acesso, rectificação, cancelamento e oposição</span></p><p><span class="s2">Poderá exercer os seus direitos de acesso, rectificação, cancelamento e/ou oposição através de comunicação escrita, acompanhado de documento que comprove a sua identidade e /ou os dados a rectificar, se aplicável, a enviar para:</span></p><p><span class="s2">Endereço de correio electrónico hello@marlenevieira.pt</span></p><p><span class="s2">Marlene Vieira, LDA, com sede na Av. Almirante Reis, nº 248 – 5º Esq, 1000-057 Lisboa.</span></p><p><strong><span class="s3">Medidas de segurança</span></strong></p><p><span class="s2">A Empresa adoptou as normas e medidas de segurança para a protecção de dados pessoais, instalando nos seus sistemas e ficheiros todas as medidas técnicas necessárias para garantir a confidencialidade dos dados, evitar a sua perda, alteração e acesso.</span></p><p><span class="s2">No entanto, o utilizador deve estar ciente de que medidas de segurança na Internet não são infalíveis.</span></p><p><span class="s2">O utilizador compromete-se a utilizar o seu nome de utilizador e a sua password de forma diligente e a mantê-los secretos. O utilizador assume a responsabilidade exclusiva pela manutenção da confidencialidade do seu nome de utilizador e da sua password, assumindo pessoalmente quaisquer actividades que se realizem ou que ocorram através da utilização dos mesmos.</span></p><p><span class="s2">O utilizador pode cancelar e desactivar o seu registo em qualquer momento utilizando o seu nome de utilizador e a sua password.</span></p><p><strong><span class="s3">Aceitação e aprovação</span></strong></p><p><span class="s2">O utilizador declara ter sido informado das condições de protecção de dados, aceitar e consentir o seu tratamento automatizado pela Empresa, na forma e para os fins descritos na presente Política de Protecção de Dados Pessoais.</span></p><p><span class="s2">Em cumprimento da lei nº 144/2015 de 8 de Setembro informamos que para a resolução de conflitos de consumo deve ser contactada a comissão arbitral do Turismo de Portugal ou a qualquer uma das entidades devidamente indicadas na lista disponibilizada pela Direção Geral do Consumidor.</span></p>						</div>
				</div>
					</div>
				</div>
				</div>

<p>Termos &#038; Condições O utilizador do site Marlene, (à frente designada como Empresa) poderá inscrever-se no site da empresa, fornecendo algumas informações. Registo de Ficheiros e formulários Nos termos e para efeitos do disposto na Lei n.º 67/98, de 26 de Outubro, relativa à Protecção de Dados Pessoais, designadamente o artigo 10.º, declaro tomar conhecimento [&hellip;]</p>
